lions digit of 148992521?
1
What is the units digit of 128421392?
2
What is the millions digit of 78200701?
8
What is the units digit of 105193600?
0
What is the ten thousands digit of 56586325?
8
What is the thousands digit of 19495635?
5
What is the ten millions digit of 2337312319?
3
What is the tens digit of 23296992?
9
What is the units digit of 722711381?
1
What is the ten thousands digit of 155938102?
3
What is the hundred thousands digit of 37863726?
8
What is the millions digit of 150254717?
0
What is the thousands digit of 129719702?
9
What is the hundreds digit of 2160031400?
4
What is the hundreds digit of 32551468?
4
What is the units digit of 206605341?
1
What is the ten thousands digit of 838045138?
4
What is the billions digit of 1696142009?
1
What is the hundred millions digit of 259067250?
2
What is the millions digit of 1644843337?
4
What is the tens digit of 23572684?
8
What is the hundreds digit of 19941327?
3
What is the ten millions digit of 343741340?
4
What is the millions digit of 351934179?
1
What is the thousands digit of 1772421170?
1
What is the tens digit of 1024553231?
3
What is the millions digit of 917426923?
7
What is the thousands digit of 22287754?
7
What is the ten thousands digit of 37434772?
3
What is the millions digit of 11342436?
1
What is the ten millions digit of 169831348?
6
What is the millions digit of 219150464?
9
What is the thousands digit of 133547203?
7
What is the tens digit of 256357054?
5
What is the billions digit of 2080712396?
2
What is the hundreds digit of 207798543?
5
What is the hundred thousands digit of 2324097873?
0
What is the ten thousands digit of 644451989?
5
What is the ten thousands digit of 2168348447?
4
What is the hundred millions digit of 481160912?
4
What is the tens digit of 395206201?
0
What is the hundreds digit of 530496791?
7
What is the units digit of 170963066?
6
What is the tens digit of 1136597363?
6
What is the units digit of 283839455?
5
What is the ten millions digit of 11684930?
1
What is the millions digit of 31160481?
1
What is the millions digit of 130240292?
0
What is the thousands digit of 160259589?
9
What is the hundreds digit of 801999313?
3
What is the thousands digit of 1509670420?
0
What is the units digit of 22039804?
4
What is the hundreds digit of 221714?
7
What is the millions digit of 673731176?
3
What is the hundred millions digit of 165383730?
1
What is the hundred thousands digit of 252595460?
5
What is the thousands digit of 3592656590?
6
What is the millions digit of 107941934?
7
What is the ten millions digit of 431528087?
3
What is the hundred thousands digit of 607802795?
8
What is the ten thousands digit of 73307407?
0
What is the tens digit of 2654279965?
6
What is the thousands digit of 408098958?
8
What is the tens digit of 194628889?
8
What is the hundred millions digit of 1805531481?
8
What is the tens digit of 369887013?
1
What is the tens digit of 1020408536?
3
What is the ten thousands digit of 88237363?
3
What is the ten thousands digit of 491201377?
0
What is the ten thousands digit of 33778315?
7
What is the hundred millions digit of 2217682315?
2
What is the hundred millions digit of 156414158?
1
What is the units digit of 143818958?
8
What is the units digit of 7049088?
8
What is the hundreds digit of 88074625?
6
What is the hundred thousands digit of 119016127?
0
What is the units digit of 1338106971?
1
What is the millions digit of 79306812?
9
What is the thousands digit of 308829271?
9
What is the hundred millions digit of 649288079?
6
What is the units digit of 10381266?
6
What is the units digit of 263163817?
7
What is the hundreds digit of 117327149?
1
What is the millions digit of 85753758?
5
What is the hundred thousands digit of 422706942?
7
What is the hundred thousands digit of 19936247?
9
What is the hundreds digit of 35899524?
5
What is the hundreds digit of 238655741?
7
What is the units digit of 121369356?
6
What is the tens digit of 545533402?
0
What is the units digit of 305495565?
5
What is the hundreds digit of 1023249961?
9
What is the hundred millions digit of 238045216?
2
What is the hundred thousands digit of 196533953?
5
What is the hundred thousands digit of 3089841468?
8
What is the hundred thousands digit of 905519608?
5
What is the hundreds digit of 88696809?
8
What is the tens digit of 3484338783?
8
What is the thousands digit of 76733545?
3
What is the ten millions digit of 2706472567?
0
What is the ten millions digit of 737473494?
3
What is the units digit of 1017723849?
9
What is the ten millions digit of 5603016729?
0
What is the ten thousands digit of 58220133?
2
What is the hundreds digit of 95122426?
4
What is the hundreds digit of 138569328?
3
What is the hundred thousands digit of 40750677?
7
What is the thousands digit of 335071060?
1
What is the ten millions digit of 18330976?
1
What is the hundreds digit of 77178889?
8
What is the ten thousands digit of 2907058315?
5
What is the hundreds digit of 516801713?
7
What is the tens digit of 1174188134?
3
What is the hundreds digit of 7756443464?
4
What is the ten millions digit of 219828862?
1
What is the units digit of 3697196308?
8
What is the ten thousands digit of 139662105?
6
What is the hundred millions digit of 2630558415?
6
What is the thousands digit of 4183869349?
9
What is the tens digit of 86675796?
9
What is the hundred millions digit of 2050694668?
0
What is the millions digit of 10986867?
0
What is the units digit of 52249613?
3
What is the millions digit of 3524865489?
4
What is the units digit of 878080?
0
What is the hundred thousands digit of 303931286?
9
What is the units digit of 410362831?
1
What is the ten thousands digit of 154552094?
5
What is the hundred thousands digit of 305812745?
8
What is the ten millions digit of 37221218?
3
What is the ten thousands digit of 991870?
9
What is the hundred millions digit of 1447420434?
4
What is the hundreds digit of 454914943?
9
What is the hundred thousands digit of 713626470?
6
What is the ten millions digit of 2088820295?
8
What is the millions digit of 95704356?
5
What is the hundreds digit of 99262310?
3
What is the hundreds digit of 39730165?
1
What is the ten thousands digit of 933665752?
6
What is the ten thousands digit of 218087932?
8
What is the ten millions digit of 7945678847?
4
What is the thousands digit of 38247153?
7
What is the ten thousands digit of 389610869?
1
What is the thousands digit of 127657496?
7
What is the millions digit of 23128817?
3
What is the tens digit of 14016945?
4
What is the units digit of 7606553?
3
What is the units digit of 61094277?
7
What is the thousands digit of 299474878?
4
What is the hundred millions digit of 1365129187?
3
What is the units digit of 985592651?
1
What is the millions digit of 416969226?
6
What is the hundred thousands digit of 6142117946?
1
What is the hundred thousands digit of 185547512?
5
What is the hundreds digit of 4931382527?
5
What is the ten thousands digit of 28136960?
3
What is the ten thousands digit of 54498113?
9
What is the millions digit of 26186622?
6
What is the tens digit of 81984517?
1
What is the hundred thousands digit of 135529953?
5
What is the hundred thousands digit of 365138?
3
What is the tens digit of 499073716?
1
What is the thousands digit of 42027160?
7
What is the ten thousands digit of 88601957?
0
What is the units digit of 95431909?
9
What is the hundred thousands digit of 1064096934?
0
What is the units digit of 1829629812?
2
What is the hundred millions digit of 113539268?
1
What is the tens digit of 143685603?
0
What is the hundred millions digit of 126728229?
1
What is the tens digit of 1920463146?
4
What is the tens digit of 632421275?
7
What is the units digit of 2189541811?
1
What is the millions digit of 1026709024?
6
What is the units digit of 1115333360?
0
What is the ten millions digit of 760497457?
6
What is the ten thousands digit of 690099796?
9
What is the ten thousands digit of 3581075?
8
What is the millions digit of 114476340?
4
What is the ten thousands digit of 92039740?
3
What is the hundreds digit of 2611631090?
0
What is the ten millions digit of 23550965?
2
What is the tens digit of 31942888?
8
What is the tens digit of 1731711808?
0
What is